 is -21002201101 (base 3) in base 9?
-232641
-2044845 (base 9) to base 2
-100001010110001111011
Convert -97539 (base 14) to base 7.
-3053002
Convert 2112022110100 (base 3) to base 4.
11020101201
91969 (base 12) to base 6
4022213
What is -72956 (base 11) in base 14?
-2aa4b
66266 (base 9) to base 5
2401322
-1886570 (base 9) to base 10
-1061163
20122200201 (base 3) to base 7
1053625
Convert -8b49c (base 13) to base 2.
-111101111000010100
20330 (base 14) to base 7
441560
What is 1242115541 (base 6) in base 4?
313323023311
What is 112112101202 (base 3) in base 13?
a0286
Convert 1220002002221 (base 3) to base 4.
3311130322
252563 (base 9) to base 15
30433
What is -543057 (base 8) in base 16?
-2c62f
Convert 130513 (base 6) to base 8.
27115
-3311011321 (base 4) to base 3
-1220000002101
22325155 (base 7) to base 13
52b9a6
What is -35739 (base 14) in base 10?
-130391
Convert -12634613 (base 7) to base 3.
-2012100222002
5e406 (base 15) to base 4
1021203201
Convert -50ca0 (base 15) to base 4.
-332133213
What is -15331255 (base 8) in base 6?
-203232205
1425102 (base 6) to base 15
19215
What is -173a49 (base 13) in base 5?
-122021222
Convert -1111100111011000 (base 2) to base 7.
-354321
Convert -39cfa (base 16) to base 2.
-111001110011111010
Convert 356cd0 (base 14) to base 9.
3380727
What is 3b8aa6 (base 13) in base 9?
2645470
5124550 (base 6) to base 11
157955
Convert -23d60 (base 15) to base 13.
-400b3
What is 75b12 (base 12) in base 2?
100101111011111110
-13560a (base 12) to base 16
-4e42a
Convert -2351036 (base 9) to base 10.
-1273596
1522055 (base 7) to base 10
207212
-11124203002 (base 5) to base 3
-212012200002200
Convert 10000010011001110001010 (base 2) to base 16.
41338a
-30c098 (base 15) to base 3
-11100210202022
729998 (base 10) to base 3
1101002100222
What is 4675328 (base 9) in base 5?
1121424044
-20210020220 (base 3) to base 15
-298b3
Convert 755611 (base 11) to base 6.
41520215
32422435 (base 6) to base 10
967415
Convert 7636471 (base 10) to base 16.
7485f7
What is -10104030 (base 6) in base 8?
-1063522
Convert 212000405 (base 6) to base 5.
1423421004
Convert 2b76 (base 13) to base 3.
22201012
-7a96a (base 13) to base 9
-370530
Convert 2a41b7 (base 14) to base 4.
11213022211
Convert 11461565 (base 8) to base 5.
1121001304
-546755 (base 10) to base 15
-ac005
What is 1523311131 (base 6) in base 5?
14403404021
-6aeb7 (base 15) to base 12
-14529a
2b889a (base 15) to base 6
113035214
10100100111101001000 (base 2) to base 7
5512562
Convert -150b99 (base 13) to base 14.
-d6111
Convert -694119 (base 11) to base 8.
-4153264
3217758 (base 10) to base 7
36231135
What is 1643107 (base 11) in base 9?
5237564
Convert 542251 (base 6) to base 15.
d334
924a8 (base 11) to base 6
2521053
Convert 380101 (base 10) to base 8.
1346305
Convert -192dc9 (base 16) to base 5.
-410300441
52669 (base 12) to base 13
3a26c
What is 1000010010110010101001111 (base 2) in base 6?
1420443011
ab048 (base 14) to base 8
1451310
Convert -22230144 (base 5) to base 15.
-3ce9e
-2123222303 (base 4) to base 7
-5263643
What is 14277 (base 12) in base 15?
8487
What is 111011100110010010100 (base 2) in base 12?
7a21b0
Convert -2320421 (base 5) to base 11.
-295aa
Convert 835901 (base 10) to base 13.
233621
Convert -340441 (base 12) to base 2.
-11001010101001110001
643bd (base 14) to base 3
110022021101
f4074 (base 16) to base 3
1212210010000
-fc704 (base 16) to base 5
-231041423
-174460 (base 9) to base 6
-2153130
23747 (base 16) to base 6
3040155
What is -31333242 (base 6) in base 2?
-11011111001111111010
Convert 31352441 (base 6) to base 11.
576951
6430e (base 16) to base 13
114a3b
What is -101555105 (base 6) in base 3?
-10100001202112
What is 5eb81 (base 16) in base 10?
387969
What is 208a5 (base 11) in base 10?
30365
Convert -59bc16 (base 13) to base 14.
-3d9ada
-1100001011110000100 (base 2) to base 16
-61784
What is -10001001101110111111 (base 2) in base 9?
-1048783
-3bccae (base 15) to base 6
-141405432
1329064 (base 12) to base 4
32131030030
Convert -13021020023 (base 4) to base 8.
-7111013
What is -133ef5 (base 16) in base 3?
-2101002011212
What is -111100110000101111010 (base 2) in base 5?
-1002203114
Convert -702021 (base 10) to base 15.
-dd016
Convert 384334 (base 9) to base 16.
38d79
What is -1124111 (base 8) in base 15?
-60685
-301234141 (base 5) to base 15
-18964b
-10111110001001100101 (base 2) to base 15
-105b88
What is -2011013031 (base 4) in base 10?
-545229
-496532 (base 10) to base 15
-9c1c2
What is 103302002003 (base 4) in base 11?
2a22083
Convert -1256184 (base 10) to base 6.
-42531400
What is 262736 (base 14) in base 16?
14091c
Convert 4702356 (base 8) to base 14.
254286
What is 1610947 (base 10) in base 6?
54310031
What is -246229 (base 10) in base 16?
-3c1d5
What is 1110101202 (base 3) in base 9?
43352
Convert -1232301311 (base 4) to base 3.
-212001102112
-44425232 (base 6) to base 8
-5073464
a0935 (base 14) to base 11
243a93
11322 (base 13) to base 6
400513
14223521 (base 7) to base 9
2452618
What is -478803 (base 9) in base 7?
-2311263
1310355 (base 6) to base 15
16268
What is 4c78f6 (base 16) in base 2?
10011000111100011110110
Convert -266468 (base 11) to base 12.
-182224
What is 127874 (base 11) in base 9?
335268
69621 (base 10) to base 15
15966
What is 6326951 (base 10) in base 8?
30105247
Convert 131100033 (base 4) to base 8.
352017
Convert -25bb1 (base 13) to base 3.
-10120011200
35a974b (base 13) to base 8
77372701
786008 (base 12) to base 8
7242210
-20021202001 (base 3) to base 15
-269e7
1010011010011101111101 (base 2) to base 6
134302113
-4204414 (base 6) to base 10
-203194
Convert -729959 (base 11) to base 2.
-100011101100101101011
Convert 3861317 (base 10) to base 6.
214432245
What is -232405452 (base 6) in base 3?
-22010201101112
Convert 157521 (base 9) to base 11.
67189
What is -15723 (base 13) in base 14?
-10bd4
239277 (base 12) to base 4
2030210323
-8d98 (base 15) to base 16
-7574
What is 12331030330 (base 4) in base 15?
26049d
Convert 2511024 (base 12) to base 13.
1665a0c
Convert -3003523 (base 6) to base 5.
-14001221
What is 3b82c (base 16) in base 6?
5120300
-61b5 (base 12) to base 8
-24631
-1130120003 (base 4) to base 8
-1343003
-485820a (base 12) to base 13
-2bb0235
Convert -231189 (base 11) to base 9.
-620185
Convert -355027 (base 8) to base 10.
-121367
-320561 (base 8) to base 16
-1a171
60909 (base 12) to base 4
132230121
f391 (base 16) to base 5
3443403
-6226ba (base 13) to base 9
-4270804
Convert -101110100110110111 (base 2) to base 7.
-1423366
What is -bb6bc (base 15) in base 9?
-1106816
Convert 10110100011101110001100 (base 2) to base 13.
12c0805
What is -72078 (base 9) in base 8?
-134540
What is -407541 (base 8) in base 15?
-2a009
-16456 (base 11) to base 2
-101101010000100
-1944138 (base 15) to base 14
-2640822
What is 10138645 (base 9) in base 6?
252201152
What is -2245307 (base 9) in base 4?
-10213223233
What is -11203230 (base 6) in base 10?
-342882
bc5c8 (base 15) to base 11
379892
What is bf734 (base 16) in base 7?
6444145
What is -11256273 (base 8) in base 7?
-26545456
156436153 (base 7) to base 10
10664986
What is -10602230 (base 8) in base 15?
-304eab
Convert -2abaa (base 12) to base 2.
-1110110000110010
What is -13122430303 (base 5) in base 11?
-9177563
-b1432 (base 13) to base 5
-40121320
What is -ac2b (base 16) in base 3?
-2020110102
-22112221010 (base 3) to base 5
-20341343
-32523061 (base 7) to base 9
-5231144
What is 11012201212 (base 3) in base 4?
110033201
What is -90090 (base 11) in base 2?
-100000001100011100
111200001102022 (base 3) to base 15
9874ab
10540431 (base 8) to base 2
1000101100000100011001
Convert -210443 (base 10) to base 9.
-350605
What is -1420142 (base 7) in base 11?
-11a628
What is 167b7 (base 12) in base 10?
32251
Convert 341463 (base 9) to base 6.
4214433
What is 178a98 (base 12) in base 7?
3323324
What is -10010010110100101010010 (base 2) in base 10?
-4811090
Convert -2528a6 (base 12) to base 11.
-3843a0
Convert -5430365 (base 7) to base 2.
-10100001110101010110
What is 2628ef (base 16) in base 6?
125333555
-1312b20 (base 13) to base 7
-101535236
-6776309 (base 11) to base 10
-11867568
-222001200302 (base 4) to base 6
-1032041042
Convert 205004160 (base 7) to base 14.
1876930
What is -14021213 (b